4*t + 4*t = 144. Suppose t*c - 128 = 1204. Calculate the greatest common factor of v and c.
37
Let y = 23 + 17. Suppose 5*u + 9*v - 4*v = 30, 5*u = -3*v + 20. Let z be 10/5*(u + 7). Calculate the greatest common divisor of z and y.
8
Suppose -32*z + 21*z + 143 = 0. Suppose -4*n = -4*w + 40, -z*w + 22 = -11*w - n. What is the highest common factor of 384 and w?
12
Let z = 175 - -41. Suppose 0 = 212*k - z*k + 1160. Calculate the greatest common divisor of 116 and k.
58
Let f(i) = -6*i - 4. Let l be f(-4). Let y = 493 + -859. Let o = y + 371. Calculate the greatest common divisor of o and l.
5
Suppose 3*r - 1502 = -5*m + 411, r = 3*m - 1159. Suppose -54*u + 110*u - 330*u - 471 = -42667. Calculate the greatest common factor of m and u.
77
Suppose 4*n - n - 33 = 0. Let p = 115 - 112. Suppose -p*y + h + 96 = 4*h, 0 = -3*y + 4*h + 103. Calculate the greatest common factor of n and y.
11
Let f = -1 + -105. Let q = f + 107. Suppose -37 = -3*g + 5*p, 2*p = 2*g - q - 17. Calculate the highest common factor of 44 and g.
4
Let n = -264 + 384. Suppose -313 - 767 = -9*a. Suppose 0 = -5*b + 2*s - s + a, -5*b = 3*s - n. Calculate the greatest common divisor of b and 16.
8
Let y(o) = -2*o**2 + 129*o - 9. Let r be y(63). Let v(h) = h**3 + 5*h**2 - h. Let s be v(-4). Calculate the highest common factor of s and r.
20
Let o = 19 + 6. Suppose 0 = -5*g - q + 177, g + 2*q - 33 = q. Suppose 0 = 2*k - v + 4*v - o, -3*k - 4*v + g = 0. What is the greatest common factor of k and 24?
8
Let l = 6 - 4. Let r = -1861 - -1868. Calculate the greatest common divisor of l and r.
1
Let t be -320*((-323)/34 + 9). Calculate the highest common factor of t and 60.
20
Let f = 327 + -123. What is the greatest common divisor of f and 33?
3
Let l(v) = 4*v - 17. Let p be l(7). Suppose -10*t + 80 = -2*t. Suppose 88 = p*f - t*f. Calculate the greatest common divisor of f and 8.
8
Suppose 74972 = 435*w - 307845 - 27388. What is the greatest common divisor of 253 and w?
23
Suppose 4*c = 16, 4*n - 14*c + 11*c - 84 = 0. Calculate the highest common divisor of n and 300.
12
Let i = 120 - -112. Let a be 4212/273 - ((-9)/(-21) - 1). Calculate the greatest common factor of a and i.
8
Let o = 27 + 28. Let z = -289 + 413. Let p = 135 - z. Calculate the greatest common factor of p and o.
11
Let o = 1472 + 574. What is the highest common divisor of 558 and o?
186
Let q = 228 - 223. Suppose -5263 = -q*p + t, 0 = -t + 2. What is the greatest common divisor of p and 39?
39
Let d be 362/(-5) + 16/40. Let h = d - -46. Let r = 53 + h. Calculate the highest common factor of 3 and r.
3
Suppose -169*p - 186*p = -336*p - 304. Calculate the highest common divisor of p and 19472.
16
Let d be ((-1)/2 - 0)*-108. Suppose -1570*f + 7920 = -1515*f. What is the greatest common factor of f and d?
18
Suppose -12046 = -75*j + 31*j + 626. What is the highest common factor of 2400 and j?
96
Suppose -14 = 2*g - 4*q, 5 + 7 = -2*g + 2*q. Let x be -4 - (-34)/(g - -6). Calculate the highest common factor of 15 and x.
15
Suppose -2*l - 1588 = -4*z + 3*l, 5*l = -z + 372. What is the highest common factor of 136 and z?
8
Suppose 2*u = -375 - 3. Let g be u/(-12) + 6/(24/1). Let i(j) = j**3 - 3*j**2 - 4*j + 8. Let o be i(7). What is the highest common divisor of g and o?
16
Suppose z - 5*z + 2*a = 80, 2*a = 2*z + 36. Suppose -4*l + 4*b + 192 = 0, 3*l = -b + 2*b + 148. Let j = l + z. Calculate the greatest common factor of j and 42.
14
Suppose -n + 27 = -2*r, -r + 146 = 15*n - 10*n. Let l(v) = -7*v - 27. Let m be l(-8). Calculate the highest common divisor of n and m.
29
Let g be (0 + 56/24)*3. Let f(s) = -s**3 + 28*s**2 - 24*s. Let i be f(g). Calculate the greatest common divisor of i and 21.
21
Suppose 252*b - 208 = -76*b + 1760. Calculate the highest common factor of b and 4566.
6
Let n = 6954 - 6821. Calculate the greatest common divisor of n and 84.
7
Suppose 46*l + 660 = 16956 + 816. Calculate the greatest common factor of l and 132.
12
Let l = -325 + 338. Suppose 2*k - 25 = -l. Calculate the greatest common factor of 22 and k.
2
Let h = 140 - 136. Suppose h*x - 85 = 175. What is the highest common factor of x and 5?
5
Let t = 91 + 107. Suppose -u - 2*u = 0. Suppose u = 3*o + 3*v - 51, -o = -2*v - 20 - 0. Calculate the highest common divisor of o and t.
18
Suppose 688*x = 665*x + 1012. Calculate the highest common divisor of x and 12969.
11
Suppose -110*n + 15*n = 747627 - 2100332. What is the highest common factor of n and 29?
29
Suppose -75*o - 18 = -76*o. Let c(u) = -2*u + 62. Let n be c(16). Calculate the highest common factor of o and n.
6
Let t(x) = 155*x - 575. Let b be t(7). What is the greatest common factor of b and 3910?
170
Suppose -14*b + 3*z = -13*b - 1363, 0 = 10*b + z - 13754. What is the greatest common factor of b and 1125?
125
Let t(b) = b**3 + 9*b**2 - 25*b + 30. Let j(d) = -d**3 - 8*d**2 - 23*d - 39. Let l be j(-4). Let p be t(l). Calculate the greatest common factor of p and 504.
63
Suppose c + 4*c - 5*m = -485, m = -2*c - 209. Let z = -62 - c. What is the greatest common factor of 320 and z?
40
Let v = 320 + -112. Let b = 3043 - 3030. Calculate the greatest common factor of v and b.
13
Let c be (-8)/(-15)*-87*-5. Calculate the greatest common factor of 120 and c.
8
Let h = -24 - -382. Let n = h + -166. What is the highest common divisor of n and 72?
24
Let x(b) = 515*b**2 - 12*b - 7*b - 513*b**2 + 2 + 2*b. Let l be x(10). What is the greatest common factor of 96 and l?
32
Let d(y) = -y**3 + 3*y**2 - 2*y + 3. Let l be d(2). Suppose l*n + 54 = 12*n. What is the highest common divisor of 138 and n?
6
Suppose 5*v + 335 = -598*x + 600*x, 827 = 5*x - 2*v. Let c(z) = -z + 15. Let u be c(0). What is the greatest common divisor of x and u?
15
Let h(p) = p**2 + 25*p - 19. Let f be h(-33). Suppose -f*g - 40 = -249*g. What is the greatest common divisor of 25 and g?
5
Let v(i) = 46*i**3 - i**2 + i - 1. Let w be v(1). Suppose -4*y + 107 - 88 = -z, -2*y + 37 = 5*z. Calculate the greatest common factor of w and y.
3
Suppose -18534 + 5988 = -z + 5*h, -h - 8 = 0. What is the greatest common factor of 296 and z?
74
Suppose 114*b - 171*b - 195*b = -9576. What is the highest common factor of 3591 and b?
19
Suppose 216 - 244 = -14*y. Suppose -68 = -5*l - y*x, -2*x - 8 + 48 = 3*l. What is the greatest common divisor of 98 and l?
14
Let y be 460/138*(-9)/5 - -28 - 6. Calculate the highest common factor of 2864 and y.
16
Suppose 2*q - 11713 = -5*g - 10541, -3*q + 932 = 4*g. What is the highest common divisor of g and 29500?
236
Let u(w) = 8*w**2 + 5*w - 6. Let b be u(8). Let c = 29687 + -29645. What is the greatest common divisor of b and c?
42
Let j be (-1)/(12571/6292 + -2). Calculate the greatest common factor of j and 847.
121
Suppose -4*w - 16 = 0, 54 = -3*b + 4*w + 238. Let l be (-3)/12 + 742/b. Calculate the greatest common divisor of l and 832.
13
Let r = 16193 - 16177. Let z be (2 - -140) + 2 + 0. What is the highest common divisor of z and r?
16
Let k be (5 + 0)/(952/147560). What is the greatest common factor of k and 1700?
25
Let f = 19438 + -16554. Calculate the greatest common divisor of f and 616.
28
Let u(r) = -r**3 + 42*r**2 - 28*r - 490. Let d be u(41). Suppose 4*a + 2*q - 461 = 217, 3*a - 501 = -3*q. What is the greatest common divisor of d and a?
43
Let y(r) = 41*r - 42. Let h be y(9). Suppose -4*t + h = 63. What is the highest common divisor of 231 and t?
33
Let z(k) = -k**3 - 55*k**2 - 227*k - 76. Let b be z(-4). Suppose 2*j - 48 - 176 = 0. Calculate the highest common divisor of j and b.
16
Suppose -10887 = 7*n - 14303. Calculate the highest common divisor of n and 8.
8
Let z be 10/((-30)/90*6/(-52)). Let y = z - 249. Let t(k) = -k**3 - k + 44. Let a be t(0). What is the highest common factor of a and y?
11
Suppose -3*s = z + s + 3, -36 = -4*z - 4*s. Suppose -b - 206 = -3*g, -9*g + 3*b = -z*g + 292. What is the highest common divisor of g and 175?
35
Suppose 350*x - 26487 = 323*x. What is the greatest common factor of x and 12?
3
Let l = -2089 - -2101. What is the greatest common divisor of 3282 and l?
6
Let w be (-18)/(-1 - 6/(-10)). Let k = -21445 - -21634. Suppose 42*x - w*x = -k. What is the greatest common divisor of x and 504?
63
Let g(f) = f**3 - 9*f**2 + 20*f + 6. Let o be 22/77 + (-57)/(-21) - 